{"id":16814,"date":"2025-12-22T12:16:56","date_gmt":"2025-12-22T12:16:56","guid":{"rendered":"https:\/\/tcrk-dz.com\/eCatalog\/?post_type=product&#038;p=16814"},"modified":"2025-12-22T12:16:57","modified_gmt":"2025-12-22T12:16:57","slug":"hikvision-alarm-switch-mural-sans-fil","status":"publish","type":"product","link":"https:\/\/tcrk-dz.com\/eCatalog\/produit\/hikvision-alarm-switch-mural-sans-fil\/","title":{"rendered":"HIKVISION Alarm Switch mural sans fil"},"content":{"rendered":"<ul class=\"product_description_item-list\">\n<li class=\"product_description_item\"><span dir=\"auto\">Communication sans fil bidirectionnelle \u00e0 868 MHz<\/span><\/li>\n<li class=\"product_description_item\"><span dir=\"auto\">Chiffrement AES-128<\/span><\/li>\n<li class=\"product_description_item\"><span dir=\"auto\">\u00c9cran LED, affichage de l&rsquo;\u00e9tat de l&rsquo;appareil et affichage marche\/arr\u00eat<\/span><\/li>\n<li class=\"product_description_item\"><span dir=\"auto\">Conception compacte, permettant de la ranger facilement dans des endroits discrets.<\/span><\/li>\n<li class=\"product_description_item\"><span dir=\"auto\">Fonctionnement automatis\u00e9, allumage\/extinction par simple pression d&rsquo;un bouton via l&rsquo;application\/la t\u00e9l\u00e9commande\/le clavier<\/span><\/li>\n<li class=\"product_description_item\"><span dir=\"auto\">\u00c9tablir des sc\u00e9narios en fonction de diff\u00e9rents \u00e9v\u00e9nements<\/span><\/li>\n<\/ul>\n","protected":false},"excerpt":{"rendered":"<p>Communication sans fil bidirectionnelle \u00e0 868 MHz Chiffrement AES-128 \u00c9cran LED, affichage de l&rsquo;\u00e9tat de l&rsquo;appareil et affichage marche\/arr\u00eat Conception<\/p>\n","protected":false},"featured_media":16816,"comment_status":"open","ping_status":"closed","template":"","meta":{"inline_featured_image":false},"product_brand":[215],"product_cat":[212],"product_tag":[],"class_list":{"0":"post-16814","1":"product","2":"type-product","3":"status-publish","4":"has-post-thumbnail","6":"product_brand-hikvision","7":"product_cat-alarm","8":"pa_brand-hikvision","9":"pa_model-wireless-alarm","11":"first","12":"instock","13":"shipping-taxable","14":"product-type-simple"},"_links":{"self":[{"href":"https:\/\/tcrk-dz.com\/eCatalog\/wp-json\/wp\/v2\/product\/16814","targetHints":{"allow":["GET"]}}],"collection":[{"href":"https:\/\/tcrk-dz.com\/eCatalog\/wp-json\/wp\/v2\/product"}],"about":[{"href":"https:\/\/tcrk-dz.com\/eCatalog\/wp-json\/wp\/v2\/types\/product"}],"replies":[{"embeddable":true,"href":"https:\/\/tcrk-dz.com\/eCatalog\/wp-json\/wp\/v2\/comments?post=16814"}],"version-history":[{"count":0,"href":"https:\/\/tcrk-dz.com\/eCatalog\/wp-json\/wp\/v2\/product\/16814\/revisions"}],"wp:featuredmedia":[{"embeddable":true,"href":"https:\/\/tcrk-dz.com\/eCatalog\/wp-json\/wp\/v2\/media\/16816"}],"wp:attachment":[{"href":"https:\/\/tcrk-dz.com\/eCatalog\/wp-json\/wp\/v2\/media?parent=16814"}],"wp:term":[{"taxonomy":"product_brand","embeddable":true,"href":"https:\/\/tcrk-dz.com\/eCatalog\/wp-json\/wp\/v2\/product_brand?post=16814"},{"taxonomy":"product_cat","embeddable":true,"href":"https:\/\/tcrk-dz.com\/eCatalog\/wp-json\/wp\/v2\/product_cat?post=16814"},{"taxonomy":"product_tag","embeddable":true,"href":"https:\/\/tcrk-dz.com\/eCatalog\/wp-json\/wp\/v2\/product_tag?post=16814"}],"curies":[{"name":"wp","href":"https:\/\/api.w.org\/{rel}","templated":true}]}}