{"id":16604,"date":"2025-10-08T22:41:52","date_gmt":"2025-10-08T22:41:52","guid":{"rendered":"https:\/\/tcrk-dz.com\/eCatalog\/?post_type=product&#038;p=16604"},"modified":"2025-10-08T22:41:52","modified_gmt":"2025-10-08T22:41:52","slug":"dahua-support-mural-fixation-dahua-pour-camera-1kg-algerie-dz-tcrk-hamiz","status":"publish","type":"product","link":"https:\/\/tcrk-dz.com\/eCatalog\/produit\/dahua-support-mural-fixation-dahua-pour-camera-1kg-algerie-dz-tcrk-hamiz\/","title":{"rendered":"Dahua Support Mural Fixation DAHUA pour Cam\u00e9ra 1Kg"},"content":{"rendered":"<p><span data-sheets-root=\"1\">Support de montage mural Sp\u00e9cifications techniques. Structure. Mat\u00e9riau du bo\u00eetier. Alliage d&rsquo;aluminium. Dimensions du produit. 190,0 mm \u00d7 58,0 mm \u00d7 89,5 mm (7,48&Prime; \u00d7 2,28&Prime; \u00d7 3,52&Prime;) (L \u00d7 l \u00d7 H).\u00a0<\/span><\/p>\n","protected":false},"excerpt":{"rendered":"<p>Support de montage mural Sp\u00e9cifications techniques. Structure. Mat\u00e9riau du bo\u00eetier. Alliage d&rsquo;aluminium. Dimensions du produit. 190,0 mm \u00d7 58,0 mm<\/p>\n","protected":false},"featured_media":16606,"comment_status":"open","ping_status":"closed","template":"","meta":{"inline_featured_image":false},"product_brand":[76],"product_cat":[234],"product_tag":[],"class_list":{"0":"post-16604","1":"product","2":"type-product","3":"status-publish","4":"has-post-thumbnail","6":"product_brand-dahua","7":"product_cat-accessoires-cctv","8":"pa_brand-dahua","10":"first","11":"instock","12":"shipping-taxable","13":"product-type-simple"},"_links":{"self":[{"href":"https:\/\/tcrk-dz.com\/eCatalog\/wp-json\/wp\/v2\/product\/16604","targetHints":{"allow":["GET"]}}],"collection":[{"href":"https:\/\/tcrk-dz.com\/eCatalog\/wp-json\/wp\/v2\/product"}],"about":[{"href":"https:\/\/tcrk-dz.com\/eCatalog\/wp-json\/wp\/v2\/types\/product"}],"replies":[{"embeddable":true,"href":"https:\/\/tcrk-dz.com\/eCatalog\/wp-json\/wp\/v2\/comments?post=16604"}],"version-history":[{"count":0,"href":"https:\/\/tcrk-dz.com\/eCatalog\/wp-json\/wp\/v2\/product\/16604\/revisions"}],"wp:featuredmedia":[{"embeddable":true,"href":"https:\/\/tcrk-dz.com\/eCatalog\/wp-json\/wp\/v2\/media\/16606"}],"wp:attachment":[{"href":"https:\/\/tcrk-dz.com\/eCatalog\/wp-json\/wp\/v2\/media?parent=16604"}],"wp:term":[{"taxonomy":"product_brand","embeddable":true,"href":"https:\/\/tcrk-dz.com\/eCatalog\/wp-json\/wp\/v2\/product_brand?post=16604"},{"taxonomy":"product_cat","embeddable":true,"href":"https:\/\/tcrk-dz.com\/eCatalog\/wp-json\/wp\/v2\/product_cat?post=16604"},{"taxonomy":"product_tag","embeddable":true,"href":"https:\/\/tcrk-dz.com\/eCatalog\/wp-json\/wp\/v2\/product_tag?post=16604"}],"curies":[{"name":"wp","href":"https:\/\/api.w.org\/{rel}","templated":true}]}}