{"id":16508,"date":"2025-10-03T19:56:24","date_gmt":"2025-10-03T19:56:24","guid":{"rendered":"https:\/\/tcrk-dz.com\/eCatalog\/?post_type=product&#038;p=16508"},"modified":"2025-10-03T19:56:24","modified_gmt":"2025-10-03T19:56:24","slug":"dahua-switch-de-bureau-gere-dans-le-cloud-a-26-ports-avec-poe-a-24-ports-algerie-dz-tcrk-hamiz","status":"publish","type":"product","link":"https:\/\/tcrk-dz.com\/eCatalog\/produit\/dahua-switch-de-bureau-gere-dans-le-cloud-a-26-ports-avec-poe-a-24-ports-algerie-dz-tcrk-hamiz\/","title":{"rendered":"Dahua Switch de bureau g\u00e9r\u00e9 dans le cloud \u00e0 26 ports avec PoE \u00e0 24 ports"},"content":{"rendered":"<p><span data-sheets-root=\"1\">&#8211; Dahua Layer2 Manageable Cloud Switch. <\/span><\/p>\n<p><span data-sheets-root=\"1\">&#8211; 24 ports PoE Fast Ethernet. <\/span><\/p>\n<p><span data-sheets-root=\"1\">&#8211; 2 ports combo RJ45 Uplink Gigabit. <\/span><\/p>\n<p><span data-sheets-root=\"1\">&#8211; 2 ports combo SFP Uplink Gigabit. 8K adresses MAC. <\/span><\/p>\n<p><span data-sheets-root=\"1\">&#8211; Gestion de la consommation PoE. <\/span><\/p>\n<p><span data-sheets-root=\"1\">&#8211; Prise en charge du PoE intelligent. 240 W de puissance PoE totale. <\/span><\/p>\n<p><span data-sheets-root=\"1\">&#8211; Gestion dans le nuage via la plateforme Dolynk. <\/span><\/p>\n<p><span data-sheets-root=\"1\">&#8211; Gestion de la topologie du r\u00e9seau. <\/span><\/p>\n<p><span data-sheets-root=\"1\">&#8211; PoE longue distance. PoE chien de garde. <\/span><\/p>\n<p><span data-sheets-root=\"1\">&#8211; Protection contre les boucles. <\/span><\/p>\n<p><span data-sheets-root=\"1\">&#8211; Alimentation 220V incluse.\u00a0<\/span><\/p>\n","protected":false},"excerpt":{"rendered":"<p>&#8211; Dahua Layer2 Manageable Cloud Switch. &#8211; 24 ports PoE Fast Ethernet. &#8211; 2 ports combo RJ45 Uplink Gigabit. &#8211;<\/p>\n","protected":false},"featured_media":16510,"comment_status":"open","ping_status":"closed","template":"","meta":{"inline_featured_image":false},"product_brand":[76],"product_cat":[223],"product_tag":[],"class_list":{"0":"post-16508","1":"product","2":"type-product","3":"status-publish","4":"has-post-thumbnail","6":"product_brand-dahua","7":"product_cat-switch","8":"pa_brand-dahua","9":"pa_model-switch-poe","11":"first","12":"instock","13":"shipping-taxable","14":"product-type-simple"},"_links":{"self":[{"href":"https:\/\/tcrk-dz.com\/eCatalog\/wp-json\/wp\/v2\/product\/16508","targetHints":{"allow":["GET"]}}],"collection":[{"href":"https:\/\/tcrk-dz.com\/eCatalog\/wp-json\/wp\/v2\/product"}],"about":[{"href":"https:\/\/tcrk-dz.com\/eCatalog\/wp-json\/wp\/v2\/types\/product"}],"replies":[{"embeddable":true,"href":"https:\/\/tcrk-dz.com\/eCatalog\/wp-json\/wp\/v2\/comments?post=16508"}],"version-history":[{"count":0,"href":"https:\/\/tcrk-dz.com\/eCatalog\/wp-json\/wp\/v2\/product\/16508\/revisions"}],"wp:featuredmedia":[{"embeddable":true,"href":"https:\/\/tcrk-dz.com\/eCatalog\/wp-json\/wp\/v2\/media\/16510"}],"wp:attachment":[{"href":"https:\/\/tcrk-dz.com\/eCatalog\/wp-json\/wp\/v2\/media?parent=16508"}],"wp:term":[{"taxonomy":"product_brand","embeddable":true,"href":"https:\/\/tcrk-dz.com\/eCatalog\/wp-json\/wp\/v2\/product_brand?post=16508"},{"taxonomy":"product_cat","embeddable":true,"href":"https:\/\/tcrk-dz.com\/eCatalog\/wp-json\/wp\/v2\/product_cat?post=16508"},{"taxonomy":"product_tag","embeddable":true,"href":"https:\/\/tcrk-dz.com\/eCatalog\/wp-json\/wp\/v2\/product_tag?post=16508"}],"curies":[{"name":"wp","href":"https:\/\/api.w.org\/{rel}","templated":true}]}}