{"id":16422,"date":"2025-10-02T15:13:57","date_gmt":"2025-10-02T15:13:57","guid":{"rendered":"https:\/\/tcrk-dz.com\/eCatalog\/?post_type=product&#038;p=16422"},"modified":"2025-10-02T15:13:58","modified_gmt":"2025-10-02T15:13:58","slug":"dahua-switch-industriel-gigabit-gere-a-10-ports-avec-06-ports-poe-gere-algerie-dz-tcrk-hamiz","status":"publish","type":"product","link":"https:\/\/tcrk-dz.com\/eCatalog\/produit\/dahua-switch-industriel-gigabit-gere-a-10-ports-avec-06-ports-poe-gere-algerie-dz-tcrk-hamiz\/","title":{"rendered":"Dahua  Switch Industriel Gigabit G\u00e9r\u00e9 \u00e0 10 Ports avec 06 Ports PoE (G\u00e9r\u00e9)"},"content":{"rendered":"<p><span data-sheets-root=\"1\">&#8211; Switch industriel g\u00e9r\u00e9 Dahua (L2).<\/span><\/p>\n<p><span data-sheets-root=\"1\">&#8211; 6 ports Gigabit PoE. 4 ports Gigabit SFP. <\/span><\/p>\n<p><span data-sheets-root=\"1\">&#8211; 1 port console. Les ports PoE 1 et 2 supportent 90W. <\/span><\/p>\n<p><span data-sheets-root=\"1\">&#8211; 120W au total. <\/span><\/p>\n<p><span data-sheets-root=\"1\">&#8211; Transmission PoE longue distance de 250 m (10 Mbps). <\/span><\/p>\n<p><span data-sheets-root=\"1\">&#8211; Gestion dans le nuage via la plateforme Dolynk. <\/span><\/p>\n<p><span data-sheets-root=\"1\">&#8211; Prise en charge de STP\/RSTP\/ERPS.<\/span><\/p>\n","protected":false},"excerpt":{"rendered":"<p>&#8211; Switch industriel g\u00e9r\u00e9 Dahua (L2). &#8211; 6 ports Gigabit PoE. 4 ports Gigabit SFP. &#8211; 1 port console. Les<\/p>\n","protected":false},"featured_media":16424,"comment_status":"open","ping_status":"closed","template":"","meta":{"inline_featured_image":false},"product_brand":[76],"product_cat":[223],"product_tag":[],"class_list":{"0":"post-16422","1":"product","2":"type-product","3":"status-publish","4":"has-post-thumbnail","6":"product_brand-dahua","7":"product_cat-switch","8":"pa_brand-dahua","9":"pa_model-switch-industriel","11":"first","12":"instock","13":"shipping-taxable","14":"product-type-simple"},"_links":{"self":[{"href":"https:\/\/tcrk-dz.com\/eCatalog\/wp-json\/wp\/v2\/product\/16422","targetHints":{"allow":["GET"]}}],"collection":[{"href":"https:\/\/tcrk-dz.com\/eCatalog\/wp-json\/wp\/v2\/product"}],"about":[{"href":"https:\/\/tcrk-dz.com\/eCatalog\/wp-json\/wp\/v2\/types\/product"}],"replies":[{"embeddable":true,"href":"https:\/\/tcrk-dz.com\/eCatalog\/wp-json\/wp\/v2\/comments?post=16422"}],"version-history":[{"count":0,"href":"https:\/\/tcrk-dz.com\/eCatalog\/wp-json\/wp\/v2\/product\/16422\/revisions"}],"wp:featuredmedia":[{"embeddable":true,"href":"https:\/\/tcrk-dz.com\/eCatalog\/wp-json\/wp\/v2\/media\/16424"}],"wp:attachment":[{"href":"https:\/\/tcrk-dz.com\/eCatalog\/wp-json\/wp\/v2\/media?parent=16422"}],"wp:term":[{"taxonomy":"product_brand","embeddable":true,"href":"https:\/\/tcrk-dz.com\/eCatalog\/wp-json\/wp\/v2\/product_brand?post=16422"},{"taxonomy":"product_cat","embeddable":true,"href":"https:\/\/tcrk-dz.com\/eCatalog\/wp-json\/wp\/v2\/product_cat?post=16422"},{"taxonomy":"product_tag","embeddable":true,"href":"https:\/\/tcrk-dz.com\/eCatalog\/wp-json\/wp\/v2\/product_tag?post=16422"}],"curies":[{"name":"wp","href":"https:\/\/api.w.org\/{rel}","templated":true}]}}