{"id":16409,"date":"2025-10-02T12:52:24","date_gmt":"2025-10-02T12:52:24","guid":{"rendered":"https:\/\/tcrk-dz.com\/eCatalog\/?post_type=product&#038;p=16409"},"modified":"2025-10-02T15:21:52","modified_gmt":"2025-10-02T15:21:52","slug":"dahua-switch-poe-04-ports-non-gere-algerie-dz-tcrk-hamiz","status":"publish","type":"product","link":"https:\/\/tcrk-dz.com\/eCatalog\/produit\/dahua-switch-poe-04-ports-non-gere-algerie-dz-tcrk-hamiz\/","title":{"rendered":"Dahua Switch PoE 04 Ports (non g\u00e9r\u00e9)"},"content":{"rendered":"<p><span data-sheets-root=\"1\">&#8211; Le Switch PFS3106-4ET-60 prend en charge l&rsquo;acc\u00e8s simultan\u00e9 \u00e0 un maximum de quatre cam\u00e9ras et est adapt\u00e9 \u00e0 la surveillance en ext\u00e9rieur, notamment dans les sites touristiques, les carrefours routiers, les mines de charbon et les sous-stations. <\/span><\/p>\n<p><span data-sheets-root=\"1\">&#8211; Il prend en charge quatre ports Ethernet PoE 100 Mbit\/s, un port Ethernet Gigabit ind\u00e9pendant ou un port optique Gigabit, offrant une qualit\u00e9 quasi industrielle tout en r\u00e9pondant aux exigences de divers environnements d&rsquo;acc\u00e8s.<\/span><\/p>\n","protected":false},"excerpt":{"rendered":"<p>&#8211; Le Switch PFS3106-4ET-60 prend en charge l&rsquo;acc\u00e8s simultan\u00e9 \u00e0 un maximum de quatre cam\u00e9ras et est adapt\u00e9 \u00e0 la<\/p>\n","protected":false},"featured_media":16411,"comment_status":"open","ping_status":"closed","template":"","meta":{"inline_featured_image":false},"product_brand":[],"product_cat":[223],"product_tag":[],"class_list":{"0":"post-16409","1":"product","2":"type-product","3":"status-publish","4":"has-post-thumbnail","6":"product_cat-switch","7":"pa_brand-dahua","8":"pa_model-switch-poe","10":"first","11":"instock","12":"shipping-taxable","13":"product-type-simple"},"_links":{"self":[{"href":"https:\/\/tcrk-dz.com\/eCatalog\/wp-json\/wp\/v2\/product\/16409","targetHints":{"allow":["GET"]}}],"collection":[{"href":"https:\/\/tcrk-dz.com\/eCatalog\/wp-json\/wp\/v2\/product"}],"about":[{"href":"https:\/\/tcrk-dz.com\/eCatalog\/wp-json\/wp\/v2\/types\/product"}],"replies":[{"embeddable":true,"href":"https:\/\/tcrk-dz.com\/eCatalog\/wp-json\/wp\/v2\/comments?post=16409"}],"version-history":[{"count":0,"href":"https:\/\/tcrk-dz.com\/eCatalog\/wp-json\/wp\/v2\/product\/16409\/revisions"}],"wp:featuredmedia":[{"embeddable":true,"href":"https:\/\/tcrk-dz.com\/eCatalog\/wp-json\/wp\/v2\/media\/16411"}],"wp:attachment":[{"href":"https:\/\/tcrk-dz.com\/eCatalog\/wp-json\/wp\/v2\/media?parent=16409"}],"wp:term":[{"taxonomy":"product_brand","embeddable":true,"href":"https:\/\/tcrk-dz.com\/eCatalog\/wp-json\/wp\/v2\/product_brand?post=16409"},{"taxonomy":"product_cat","embeddable":true,"href":"https:\/\/tcrk-dz.com\/eCatalog\/wp-json\/wp\/v2\/product_cat?post=16409"},{"taxonomy":"product_tag","embeddable":true,"href":"https:\/\/tcrk-dz.com\/eCatalog\/wp-json\/wp\/v2\/product_tag?post=16409"}],"curies":[{"name":"wp","href":"https:\/\/api.w.org\/{rel}","templated":true}]}}