{"id":16360,"date":"2025-09-30T22:41:02","date_gmt":"2025-09-30T22:41:02","guid":{"rendered":"https:\/\/tcrk-dz.com\/eCatalog\/?post_type=product&#038;p=16360"},"modified":"2025-09-30T22:41:02","modified_gmt":"2025-09-30T22:41:02","slug":"dahua-alarm-detecteur-fumee-autonome","status":"publish","type":"product","link":"https:\/\/tcrk-dz.com\/eCatalog\/produit\/dahua-alarm-detecteur-fumee-autonome\/","title":{"rendered":"Dahua Alarm Detecteur Fum\u00e9e Autonome"},"content":{"rendered":"<p><span data-sheets-root=\"1\">&#8211; Le d\u00e9tecteur de fum\u00e9e autonome (ci-apr\u00e8s d\u00e9nomm\u00e9 appareil) est con\u00e7u pour surveiller en permanence la concentration de fum\u00e9e. <\/span><\/p>\n<p><span data-sheets-root=\"1\">&#8211; Adoptant un nouveau capteur \u00e0 spectre divis\u00e9 et un avertisseur int\u00e9gr\u00e9 \u00e0 haut volume, il r\u00e9agit rapidement et se r\u00e9v\u00e8le tr\u00e8s sensible gr\u00e2ce \u00e0 des performances stables et \u00e0 un faible taux de fausses alarmes. <\/span><\/p>\n<p><span data-sheets-root=\"1\">&#8211; Lorsque la concentration de fum\u00e9e environnante atteint le seuil d\u2019alarme, il envoie rapidement un signal d\u2019alarme visuel et sonore pour inciter l\u2019utilisateur \u00e0 prendre des mesures imm\u00e9diates.<\/span><\/p>\n","protected":false},"excerpt":{"rendered":"<p>&#8211; Le d\u00e9tecteur de fum\u00e9e autonome (ci-apr\u00e8s d\u00e9nomm\u00e9 appareil) est con\u00e7u pour surveiller en permanence la concentration de fum\u00e9e. &#8211;<\/p>\n","protected":false},"featured_media":16362,"comment_status":"open","ping_status":"closed","template":"","meta":{"inline_featured_image":false},"product_brand":[76],"product_cat":[212],"product_tag":[],"class_list":{"0":"post-16360","1":"product","2":"type-product","3":"status-publish","4":"has-post-thumbnail","6":"product_brand-dahua","7":"product_cat-alarm","8":"pa_brand-dahua","9":"pa_model-smok-alarm","11":"first","12":"instock","13":"shipping-taxable","14":"product-type-simple"},"_links":{"self":[{"href":"https:\/\/tcrk-dz.com\/eCatalog\/wp-json\/wp\/v2\/product\/16360","targetHints":{"allow":["GET"]}}],"collection":[{"href":"https:\/\/tcrk-dz.com\/eCatalog\/wp-json\/wp\/v2\/product"}],"about":[{"href":"https:\/\/tcrk-dz.com\/eCatalog\/wp-json\/wp\/v2\/types\/product"}],"replies":[{"embeddable":true,"href":"https:\/\/tcrk-dz.com\/eCatalog\/wp-json\/wp\/v2\/comments?post=16360"}],"version-history":[{"count":0,"href":"https:\/\/tcrk-dz.com\/eCatalog\/wp-json\/wp\/v2\/product\/16360\/revisions"}],"wp:featuredmedia":[{"embeddable":true,"href":"https:\/\/tcrk-dz.com\/eCatalog\/wp-json\/wp\/v2\/media\/16362"}],"wp:attachment":[{"href":"https:\/\/tcrk-dz.com\/eCatalog\/wp-json\/wp\/v2\/media?parent=16360"}],"wp:term":[{"taxonomy":"product_brand","embeddable":true,"href":"https:\/\/tcrk-dz.com\/eCatalog\/wp-json\/wp\/v2\/product_brand?post=16360"},{"taxonomy":"product_cat","embeddable":true,"href":"https:\/\/tcrk-dz.com\/eCatalog\/wp-json\/wp\/v2\/product_cat?post=16360"},{"taxonomy":"product_tag","embeddable":true,"href":"https:\/\/tcrk-dz.com\/eCatalog\/wp-json\/wp\/v2\/product_tag?post=16360"}],"curies":[{"name":"wp","href":"https:\/\/api.w.org\/{rel}","templated":true}]}}