{"id":16268,"date":"2025-09-30T18:49:03","date_gmt":"2025-09-30T18:49:03","guid":{"rendered":"https:\/\/tcrk-dz.com\/eCatalog\/?post_type=product&#038;p=16268"},"modified":"2025-09-30T18:50:28","modified_gmt":"2025-09-30T18:50:28","slug":"dahua-alarm-kit-sans-fil-algerie-dz-tcrk-hamiz","status":"publish","type":"product","link":"https:\/\/tcrk-dz.com\/eCatalog\/produit\/dahua-alarm-kit-sans-fil-algerie-dz-tcrk-hamiz\/","title":{"rendered":"Dahua Alarm KIT sans fil"},"content":{"rendered":"<p><span data-sheets-root=\"1\">Gr\u00e2ce \u00e0 une conception industrielle enti\u00e8rement nouvelle et \u00e0 un syst\u00e8me technologique avanc\u00e9, la nouvelle g\u00e9n\u00e9ration de produits d&rsquo;alarme sans fil est plus facile \u00e0 installer, plus esth\u00e9tique, plus fiable et plus stable. Gr\u00e2ce aux applications mobiles DMSS (pour les utilisateurs finaux) et DoLynk Care (pour les installateurs), recevez des notifications en temps r\u00e9el, contr\u00f4lez et g\u00e9rez vos appareils, effectuez des op\u00e9rations \u00e0 distance, et bien plus encore.<\/span><\/p>\n","protected":false},"excerpt":{"rendered":"<p>Gr\u00e2ce \u00e0 une conception industrielle enti\u00e8rement nouvelle et \u00e0 un syst\u00e8me technologique avanc\u00e9, la nouvelle g\u00e9n\u00e9ration de produits d&rsquo;alarme sans<\/p>\n","protected":false},"featured_media":16271,"comment_status":"open","ping_status":"closed","template":"","meta":{"inline_featured_image":false},"product_brand":[76],"product_cat":[212],"product_tag":[],"class_list":{"0":"post-16268","1":"product","2":"type-product","3":"status-publish","4":"has-post-thumbnail","6":"product_brand-dahua","7":"product_cat-alarm","8":"pa_brand-dahua","9":"pa_model-wireless-alarm","11":"first","12":"instock","13":"shipping-taxable","14":"product-type-simple"},"_links":{"self":[{"href":"https:\/\/tcrk-dz.com\/eCatalog\/wp-json\/wp\/v2\/product\/16268","targetHints":{"allow":["GET"]}}],"collection":[{"href":"https:\/\/tcrk-dz.com\/eCatalog\/wp-json\/wp\/v2\/product"}],"about":[{"href":"https:\/\/tcrk-dz.com\/eCatalog\/wp-json\/wp\/v2\/types\/product"}],"replies":[{"embeddable":true,"href":"https:\/\/tcrk-dz.com\/eCatalog\/wp-json\/wp\/v2\/comments?post=16268"}],"version-history":[{"count":0,"href":"https:\/\/tcrk-dz.com\/eCatalog\/wp-json\/wp\/v2\/product\/16268\/revisions"}],"wp:featuredmedia":[{"embeddable":true,"href":"https:\/\/tcrk-dz.com\/eCatalog\/wp-json\/wp\/v2\/media\/16271"}],"wp:attachment":[{"href":"https:\/\/tcrk-dz.com\/eCatalog\/wp-json\/wp\/v2\/media?parent=16268"}],"wp:term":[{"taxonomy":"product_brand","embeddable":true,"href":"https:\/\/tcrk-dz.com\/eCatalog\/wp-json\/wp\/v2\/product_brand?post=16268"},{"taxonomy":"product_cat","embeddable":true,"href":"https:\/\/tcrk-dz.com\/eCatalog\/wp-json\/wp\/v2\/product_cat?post=16268"},{"taxonomy":"product_tag","embeddable":true,"href":"https:\/\/tcrk-dz.com\/eCatalog\/wp-json\/wp\/v2\/product_tag?post=16268"}],"curies":[{"name":"wp","href":"https:\/\/api.w.org\/{rel}","templated":true}]}}