{"id":15953,"date":"2025-02-15T03:15:13","date_gmt":"2025-02-15T03:15:13","guid":{"rendered":"https:\/\/tcrk-dz.com\/eCatalog\/index.php\/produit\/dahua-camera-ip-5mpxfocale-fixe-ai-ir-bullet-lite-ai-ipc-hfw3541ep-as-0280b-algerie-dz-tcrk-hamiz\/"},"modified":"2025-02-15T20:49:40","modified_gmt":"2025-02-15T20:49:40","slug":"dahua-camera-ip-5mpxfocale-fixe-ai-ir-bullet-lite-ai-ipc-hfw3541ep-as-0280b-algerie-dz-tcrk-hamiz","status":"publish","type":"product","link":"https:\/\/tcrk-dz.com\/eCatalog\/produit\/dahua-camera-ip-5mpxfocale-fixe-ai-ir-bullet-lite-ai-ipc-hfw3541ep-as-0280b-algerie-dz-tcrk-hamiz\/","title":{"rendered":"Dahua Camera IP 5MpxFocale Fixe AI IR Bullet Lite AI"},"content":{"rendered":"<p>&#8211; Capteur d&rsquo;image CMOS 5MP, 1\/2,7&Prime;, faible \u00e9clairement, haute d\u00e9finition d&rsquo;image Sorties max. 5MP (2592 \u00d7 1944)@20 ip.<br \/>\n &#8211; Codec H.265, taux de compression \u00e9lev\u00e9, faible d\u00e9bit binair.<br \/>\n &#8211; LED IR int\u00e9gr\u00e9e, distance IR max. : 50 .<br \/>\n &#8211; ROI, SMART H.264+\/H.265+, codage flexible, applicable \u00e0 divers environnements de bande passante et de stockag.<br \/>\n &#8211; Mode de rotation, WDR, 3D DNR, HLC, BLC, filigrane num\u00e9rique, applicable \u00e0 diverses sc\u00e8nes de surveillanc.<br \/>\n &#8211; D\u00e9tection intelligente : intrusion, pi\u00e8g.<br \/>\n &#8211; D\u00e9tection d&rsquo;anomalie : d\u00e9tection de mouvement, falsification vid\u00e9o, changement de sc\u00e8ne, d\u00e9tection d&rsquo;anomalie audio, absence de carte SD, carte SD pleine, erreur de carte SD, d\u00e9connexion du r\u00e9seau, conflit IP, acc\u00e8s ill\u00e9gal, d\u00e9tection de tensio.<br \/>\n &#8211; Alarme : entr\u00e9e, sortie ; Audio : entr\u00e9e, sortie ; Prend en charge max. Carte Micro SD 256 Go, micro int\u00e9gr.<br \/>\n &#8211; Prise en charge de l&rsquo;alimentation 12 V CC\/PO.<br \/>\n &#8211; Protection IP6.<br \/>\n &#8211; SMD<\/p>\n","protected":false},"excerpt":{"rendered":"<p>&#8211; Capteur d&rsquo;image CMOS 5MP, 1\/2,7&Prime;, faible \u00e9clairement, haute d\u00e9finition d&rsquo;image Sorties max. 5MP (2592 \u00d7 1944)@20 ip. &#8211; Codec<\/p>\n","protected":false},"featured_media":15722,"comment_status":"closed","ping_status":"open","template":"","meta":{"inline_featured_image":false},"product_brand":[76],"product_cat":[208],"product_tag":[78,77,80,79],"class_list":{"0":"post-15953","1":"product","2":"type-product","3":"status-publish","4":"has-post-thumbnail","6":"product_brand-dahua","7":"product_cat-camera","8":"product_tag-bullet","9":"product_tag-camera","10":"product_tag-dahua","11":"product_tag-ip","12":"pa_brand-dahua","13":"pa_model-bullet","14":"pa_series-lite-ai","15":"pa_technology-ip","17":"first","18":"instock","19":"product-type-simple"},"_links":{"self":[{"href":"https:\/\/tcrk-dz.com\/eCatalog\/wp-json\/wp\/v2\/product\/15953","targetHints":{"allow":["GET"]}}],"collection":[{"href":"https:\/\/tcrk-dz.com\/eCatalog\/wp-json\/wp\/v2\/product"}],"about":[{"href":"https:\/\/tcrk-dz.com\/eCatalog\/wp-json\/wp\/v2\/types\/product"}],"replies":[{"embeddable":true,"href":"https:\/\/tcrk-dz.com\/eCatalog\/wp-json\/wp\/v2\/comments?post=15953"}],"version-history":[{"count":0,"href":"https:\/\/tcrk-dz.com\/eCatalog\/wp-json\/wp\/v2\/product\/15953\/revisions"}],"wp:featuredmedia":[{"embeddable":true,"href":"https:\/\/tcrk-dz.com\/eCatalog\/wp-json\/wp\/v2\/media\/15722"}],"wp:attachment":[{"href":"https:\/\/tcrk-dz.com\/eCatalog\/wp-json\/wp\/v2\/media?parent=15953"}],"wp:term":[{"taxonomy":"product_brand","embeddable":true,"href":"https:\/\/tcrk-dz.com\/eCatalog\/wp-json\/wp\/v2\/product_brand?post=15953"},{"taxonomy":"product_cat","embeddable":true,"href":"https:\/\/tcrk-dz.com\/eCatalog\/wp-json\/wp\/v2\/product_cat?post=15953"},{"taxonomy":"product_tag","embeddable":true,"href":"https:\/\/tcrk-dz.com\/eCatalog\/wp-json\/wp\/v2\/product_tag?post=15953"}],"curies":[{"name":"wp","href":"https:\/\/api.w.org\/{rel}","templated":true}]}}