{"id":15926,"date":"2025-02-15T03:15:13","date_gmt":"2025-02-15T03:15:13","guid":{"rendered":"https:\/\/tcrk-dz.com\/eCatalog\/index.php\/produit\/dahua-camera-ip-5mpx-focale-fixe-ir-2-8mm-bullet-lite-dh-ipc-hfw2531s-s-s2-algerie-dz-tcrk-hamiz\/"},"modified":"2025-02-15T20:49:40","modified_gmt":"2025-02-15T20:49:40","slug":"dahua-camera-ip-5mpx-focale-fixe-ir-2-8mm-bullet-lite-dh-ipc-hfw2531s-s-s2-algerie-dz-tcrk-hamiz","status":"publish","type":"product","link":"https:\/\/tcrk-dz.com\/eCatalog\/produit\/dahua-camera-ip-5mpx-focale-fixe-ir-2-8mm-bullet-lite-dh-ipc-hfw2531s-s-s2-algerie-dz-tcrk-hamiz\/","title":{"rendered":"Dahua Camera IP 5Mpx Focale fixe IR 2.8mm Bullet Lite"},"content":{"rendered":"<p>. Capteur d\u2019image CMOS 5 Mpx, 1\/2,7&Prime;, faible \u00e9clairage, haute d\u00e9finition d\u2019image &#8211; Filme en 2 688 \u00d7 1 520 (2 688 \u00d7 1 520) \u00e0 25\/30 ips, et prend en charge une r\u00e9solution max. de 5 Mpx (2 592 \u00d7 1 944) \u00e0 20 ips &#8211; Codec H.265, taux de compression \u00e9lev\u00e9, d\u00e9bit binaire ultra-faible &#8211; LED IR int\u00e9gr\u00e9e, distance IR max. : 30 m &#8211; ROI, SMART H.264\/H.265, encodage flexible, applicable \u00e0 divers environnements de bande passante et de stockage &#8211; Mode de rotation, plage dynamique \u00e9tendue (WDR), r\u00e9duction du bruit num\u00e9rique (DNR) 3D, compensation de lumi\u00e8re vive (HLC), compensation de contre-jour (BLC), filigrane num\u00e9rique, applicable \u00e0 diff\u00e9rentes sc\u00e8nes de surveillance &#8211; D\u00e9tection intelligente : Intrusion, franchissement de ligne &#8211; D\u00e9tection d\u2019anomalie : d\u00e9tection de mouvement, sabotage vid\u00e9o, absence de carte SD, carte SD pleine, erreur de carte SD, r\u00e9seau d\u00e9connect\u00e9, conflit IP, acc\u00e8s interdit, d\u00e9tection de tension &#8211; Prise en charge de cartes microSD de 256 Go max.<br \/>\n &#8211; Prise en charge d\u2019alimentation 12 V CC\/PoE &#8211; Indice de protection IP67<\/p>\n","protected":false},"excerpt":{"rendered":"<p>. Capteur d\u2019image CMOS 5 Mpx, 1\/2,7&Prime;, faible \u00e9clairage, haute d\u00e9finition d\u2019image &#8211; Filme en 2 688 \u00d7 1 520<\/p>\n","protected":false},"featured_media":15676,"comment_status":"closed","ping_status":"open","template":"","meta":{"inline_featured_image":false},"product_brand":[76],"product_cat":[208],"product_tag":[78,77,80,79],"class_list":{"0":"post-15926","1":"product","2":"type-product","3":"status-publish","4":"has-post-thumbnail","6":"product_brand-dahua","7":"product_cat-camera","8":"product_tag-bullet","9":"product_tag-camera","10":"product_tag-dahua","11":"product_tag-ip","12":"pa_brand-dahua","13":"pa_model-bullet","14":"pa_series-lite","15":"pa_technology-ip","17":"first","18":"instock","19":"product-type-simple"},"_links":{"self":[{"href":"https:\/\/tcrk-dz.com\/eCatalog\/wp-json\/wp\/v2\/product\/15926","targetHints":{"allow":["GET"]}}],"collection":[{"href":"https:\/\/tcrk-dz.com\/eCatalog\/wp-json\/wp\/v2\/product"}],"about":[{"href":"https:\/\/tcrk-dz.com\/eCatalog\/wp-json\/wp\/v2\/types\/product"}],"replies":[{"embeddable":true,"href":"https:\/\/tcrk-dz.com\/eCatalog\/wp-json\/wp\/v2\/comments?post=15926"}],"version-history":[{"count":0,"href":"https:\/\/tcrk-dz.com\/eCatalog\/wp-json\/wp\/v2\/product\/15926\/revisions"}],"wp:featuredmedia":[{"embeddable":true,"href":"https:\/\/tcrk-dz.com\/eCatalog\/wp-json\/wp\/v2\/media\/15676"}],"wp:attachment":[{"href":"https:\/\/tcrk-dz.com\/eCatalog\/wp-json\/wp\/v2\/media?parent=15926"}],"wp:term":[{"taxonomy":"product_brand","embeddable":true,"href":"https:\/\/tcrk-dz.com\/eCatalog\/wp-json\/wp\/v2\/product_brand?post=15926"},{"taxonomy":"product_cat","embeddable":true,"href":"https:\/\/tcrk-dz.com\/eCatalog\/wp-json\/wp\/v2\/product_cat?post=15926"},{"taxonomy":"product_tag","embeddable":true,"href":"https:\/\/tcrk-dz.com\/eCatalog\/wp-json\/wp\/v2\/product_tag?post=15926"}],"curies":[{"name":"wp","href":"https:\/\/api.w.org\/{rel}","templated":true}]}}