{"id":15917,"date":"2025-02-15T03:15:13","date_gmt":"2025-02-15T03:15:13","guid":{"rendered":"https:\/\/tcrk-dz.com\/eCatalog\/index.php\/produit\/dahua-camera-ip-5mpx-objectif-motorise-dome-lite-dh-ipc-hdbw2531rp-zs-algerie-dz-tcrk-hamiz\/"},"modified":"2025-02-15T20:49:40","modified_gmt":"2025-02-15T20:49:40","slug":"dahua-camera-ip-5mpx-objectif-motorise-dome-lite-dh-ipc-hdbw2531rp-zs-algerie-dz-tcrk-hamiz","status":"publish","type":"product","link":"https:\/\/tcrk-dz.com\/eCatalog\/produit\/dahua-camera-ip-5mpx-objectif-motorise-dome-lite-dh-ipc-hdbw2531rp-zs-algerie-dz-tcrk-hamiz\/","title":{"rendered":"Dahua Camera IP 5Mpx Objectif Motoris\u00e9 Dome Lite"},"content":{"rendered":"<p>&#8211; CMOS progressif 5 m\u00e9gapixels 1\/2,7.<br \/>\n &#8211; Encodage double flux H.265\/H.26.<br \/>\n &#8211; 15 ips \u00e0 5 MP (2 592 \u00d7 1944) et 25\/30 ips \u00e0 3 MP (2 304 \u00d7 1 296.<br \/>\n &#8211; Plage dynamique \u00e9tendue (WDR) 120 dB, jour\/nuit (ICR), r\u00e9duction du bruit num\u00e9rique (DNR 3D), balance des blancs automatique (AWB), contr\u00f4le de gain automatique (AGC), compensation de contre-jour (BLC.<br \/>\n &#8211; Surveillance r\u00e9seau multiple : Visionneuse web, CMS (DSS\/PSS) et DMS.<br \/>\n &#8211; Emplacement de carte microSD, jusqu\u2019\u00e0 128 G.<br \/>\n &#8211; Objectif varifocal 2,7 \u00e0 13,5 m.<br \/>\n &#8211; Port\u00e9e LED IR max. 30 .<br \/>\n &#8211; IP67, IK10, PoE<\/p>\n","protected":false},"excerpt":{"rendered":"<p>&#8211; CMOS progressif 5 m\u00e9gapixels 1\/2,7. &#8211; Encodage double flux H.265\/H.26. &#8211; 15 ips \u00e0 5 MP (2 592 \u00d7<\/p>\n","protected":false},"featured_media":15662,"comment_status":"closed","ping_status":"open","template":"","meta":{"inline_featured_image":false},"product_brand":[76],"product_cat":[208],"product_tag":[77,80,82,79],"class_list":{"0":"post-15917","1":"product","2":"type-product","3":"status-publish","4":"has-post-thumbnail","6":"product_brand-dahua","7":"product_cat-camera","8":"product_tag-camera","9":"product_tag-dahua","10":"product_tag-dome","11":"product_tag-ip","12":"pa_brand-dahua","13":"pa_model-dome","14":"pa_series-lite","15":"pa_technology-ip","17":"first","18":"instock","19":"product-type-simple"},"_links":{"self":[{"href":"https:\/\/tcrk-dz.com\/eCatalog\/wp-json\/wp\/v2\/product\/15917","targetHints":{"allow":["GET"]}}],"collection":[{"href":"https:\/\/tcrk-dz.com\/eCatalog\/wp-json\/wp\/v2\/product"}],"about":[{"href":"https:\/\/tcrk-dz.com\/eCatalog\/wp-json\/wp\/v2\/types\/product"}],"replies":[{"embeddable":true,"href":"https:\/\/tcrk-dz.com\/eCatalog\/wp-json\/wp\/v2\/comments?post=15917"}],"version-history":[{"count":0,"href":"https:\/\/tcrk-dz.com\/eCatalog\/wp-json\/wp\/v2\/product\/15917\/revisions"}],"wp:featuredmedia":[{"embeddable":true,"href":"https:\/\/tcrk-dz.com\/eCatalog\/wp-json\/wp\/v2\/media\/15662"}],"wp:attachment":[{"href":"https:\/\/tcrk-dz.com\/eCatalog\/wp-json\/wp\/v2\/media?parent=15917"}],"wp:term":[{"taxonomy":"product_brand","embeddable":true,"href":"https:\/\/tcrk-dz.com\/eCatalog\/wp-json\/wp\/v2\/product_brand?post=15917"},{"taxonomy":"product_cat","embeddable":true,"href":"https:\/\/tcrk-dz.com\/eCatalog\/wp-json\/wp\/v2\/product_cat?post=15917"},{"taxonomy":"product_tag","embeddable":true,"href":"https:\/\/tcrk-dz.com\/eCatalog\/wp-json\/wp\/v2\/product_tag?post=15917"}],"curies":[{"name":"wp","href":"https:\/\/api.w.org\/{rel}","templated":true}]}}